er when 9103 is divided by 2144.
527
What is the remainder when 11101 is divided by 450?
301
What is the remainder when 426852 is divided by 213426?
0
Calculate the remainder when 1526 is divided by 395.
341
Calculate the remainder when 16035 is divided by 75.
60
What is the remainder when 315 is divided by 296?
19
Calculate the remainder when 108882 is divided by 35.
32
Calculate the remainder when 2434 is divided by 313.
243
Calculate the remainder when 7897 is divided by 1869.
421
Calculate the remainder when 114545 is divided by 46.
5
Calculate the remainder when 92015 is divided by 45987.
41
What is the remainder when 530034 is divided by 53003?
4
Calculate the remainder when 189582 is divided by 63189.
15
Calculate the remainder when 10859 is divided by 3617.
8
Calculate the remainder when 93805 is divided by 88.
85
Calculate the remainder when 10842 is divided by 22.
18
Calculate the remainder when 1492 is divided by 93.
4
Calculate the remainder when 1646534 is divided by 266.
260
Calculate the remainder when 94321 is divided by 4489.
52
What is the remainder when 36593 is divided by 406?
53
Calculate the remainder when 16050 is divided by 1225.
125
Calculate the remainder when 3355 is divided by 498.
367
Calculate the remainder when 1582712 is divided by 9.
8
What is the remainder when 13578 is divided by 968?
26
Calculate the remainder when 1357 is divided by 96.
13
Calculate the remainder when 3027 is divided by 191.
162
Calculate the remainder when 13229 is divided by 71.
23
Calculate the remainder when 2097 is divided by 7.
4
What is the remainder when 2156 is divided by 184?
132
What is the remainder when 9085 is divided by 1508?
37
Calculate the remainder when 2653 is divided by 170.
103
What is the remainder when 26362 is divided by 294?
196
What is the remainder when 154679 is divided by 51528?
95
What is the remainder when 4903 is divided by 311?
238
What is the remainder when 613 is divided by 341?
272
Calculate the remainder when 62567 is divided by 802.
11
What is the remainder when 12861 is divided by 310?
151
Calculate the remainder when 236236 is divided by 699.
673
Calculate the remainder when 119660 is divided by 12.
8
What is the remainder when 26969 is divided by 26966?
3
What is the remainder when 18219 is divided by 606?
39
Calculate the remainder when 67125 is divided by 18.
3
What is the remainder when 36934 is divided by 49?
37
Calculate the remainder when 28633 is divided by 382.
365
Calculate the remainder when 286849 is divided by 176.
145
What is the remainder when 10852 is divided by 10841?
11
Calculate the remainder when 3688 is divided by 334.
14
What is the remainder when 1716 is divided by 394?
140
Calculate the remainder when 11970 is divided by 11968.
2
Calculate the remainder when 11193 is divided by 5565.
63
What is the remainder when 683920 is divided by 2714?
2706
What is the remainder when 40054 is divided by 51?
19
Calculate the remainder when 25774 is divided by 36.
34
What is the remainder when 88391 is divided by 22?
17
Calculate the remainder when 14592 is divided by 2836.
412
Calculate the remainder when 13517 is divided by 276.
269
What is the remainder when 155 is divided by 29?
10
What is the remainder when 25239 is divided by 8412?
3
Calculate the remainder when 20696 is divided by 199.
0
What is the remainder when 940337 is divided by 1923?
1913
Calculate the remainder when 27789 is divided by 40.
29
What is the remainder when 83462 is divided by 41721?
20
What is the remainder when 15037 is divided by 1615?
502
Calculate the remainder when 91437 is divided by 1474.
49
Calculate the remainder when 2435 is divided by 426.
305
What is the remainder when 26038 is divided by 532?
502
Calculate the remainder when 34793 is divided by 254.
249
What is the remainder when 6063 is divided by 9?
6
What is the remainder when 13038 is divided by 92?
66
What is the remainder when 25685 is divided by 14?
9
What is the remainder when 4025938 is divided by 510?
508
What is the remainder when 10139 is divided by 3374?
17
What is the remainder when 3261 is divided by 492?
309
What is the remainder when 294556 is divided by 419?
418
Calculate the remainder when 7757 is divided by 71.
18
Calculate the remainder when 14008 is divided by 1556.
4
What is the remainder when 30109 is divided by 118?
19
What is the remainder when 15940 is divided by 1368?
892
Calculate the remainder when 29249 is divided by 209.
198
Calculate the remainder when 492780 is divided by 119.
1
Calculate the remainder when 23115 is divided by 340.
335
What is the remainder when 1146 is divided by 12?
6
What is the remainder when 142341 is divided by 18?
15
What is the remainder when 12565 is divided by 135?
10
Calculate the remainder when 159550 is divided by 782.
22
What is the remainder when 860 is divided by 284?
8
Calculate the remainder when 12301 is divided by 138.
19
Calculate the remainder when 28321 is divided by 194.
191
What is the remainder when 851 is divided by 58?
39
Calculate the remainder when 1605981 is divided by 48.
45
Calculate the remainder when 1148 is divided by 203.
133
Calculate the remainder when 1717652 is divided by 21.
20
Calculate the remainder when 1092 is divided by 263.
40
Calculate the remainder when 11948 is divided by 11923.
25
Calculate the remainder when 355 is divided by 81.
31
What is the remainder when 41449 is divided by 20688?
73
What is the remainder when 16795 is divided by 95?
75
What is the remainder when 5082 is divided by 1586?
324
Calculate the remainder when 22850 is divided by 13.
9
Calculate the remainder when 19619 is divided by 8.
3
Calculate the remainder when 680119 is divided by 15.
4
What is the remainder when 91014 is divided by 31?
29
Calculate the remainder when 3184521 is divided by 18.
15
What is the remainder when 8992 is divided by 13?
9
Calculate the remainder when 38335 is divided by 7663.
20
Calculate the remainder when 5010 is divided by 1576.
282
What is the remainder when 4015 is divided by 995?
35
Calculate the remainder when 23043 is divided by 11.
9
Calculate the remainder when 718 is divided by 24.
22
What is the remainder when 83416 is divided by 66?
58
Calculate the remainder when 49860 is divided by 12460.
20
Calculate the remainder when 3091 is divided by 310.
301
Calculate the remainder when 3224 is divided by 675.
524
Calculate the remainder when 31152 is divided by 31143.
9
What is the remainder when 319840 is divided by 159910?
20
What is the remainder when 4903 is divided by 1045?
723
Calculate the remainder when 792 is divided by 494.
298
What is the remainder when 3366 is divided by 62?
18
What is the remainder when 3943 is divided by 25?
18
What is the remainder when 14371 is divided by 732?
463
What is the remainder when 1248 is divided by 1240?
8
Calculate the remainder when 28964 is divided by 114.
8
Calculate the remainder when 2148 is divided by 283.
167
Calculate the remainder when 95777 is divided by 97.
38
Calculate the remainder when 1168 is divided by 175.
118
What is the remainder when 55365 is divided by 2911?
56
What is the remainder when 2492 is divided by 651?
539
Calculate the remainder when 1131 is divided by 511.
109
What is the remainder when 454914 is divided by 227444?
26
What is the remainder when 356995 is divided by 64?
3
What is the remainder when 941 is divided by 151?
35
What is the remainder when 33967 is divided by 49?
10
Calculate the remainder when 3606 is divided by 1237.
1132
What is the remainder when 218077 is divided by 27259?
5
What is the remainder when 35287 is divided by 1278?
781
What is the remainder when 435774 is divided by 72625?
24
Calculate the remainder when 284203 is divided by 221.
218
What is the remainder when 81837 is divided by 4813?
16
What is the remainder when 68532 is divided by 93?
84
What is the remainder when 1890 is divided by 375?
15
Calculate the remainder when 4932 is divided by 4172.
760
Calculate the remainder when 24503 is divided by 103.
92
What is the remainder when 12560 is divided by 3653?
1601
What is the remainder when 7629 is divided by 13?
11
What is the remainder when 23503 is divided by 104?
103
What is the remainder when 3348 is divided by 3340?
8
What is the rema